{"id":1615,"date":"2021-09-09T01:30:35","date_gmt":"2021-09-09T01:30:35","guid":{"rendered":"https:\/\/chilpancingo.gob.mx\/portal\/?page_id=1615"},"modified":"2024-11-07T10:53:59","modified_gmt":"2024-11-07T16:53:59","slug":"localidades-y-colonias","status":"publish","type":"page","link":"https:\/\/chilpancingo.gob.mx\/portal\/localidades-y-colonias\/","title":{"rendered":"Localidades y Colonias"},"content":{"rendered":"\n<h1 class=\"wp-block-heading has-text-align-center has-text-color\" style=\"color:#5f0c0c;font-size:46px\">Localidades y Colonias<\/h1>\n\n\n\n<hr class=\"wp-block-separator has-text-color has-strong-white-color has-css-opacity has-strong-white-background-color has-background\"\/>\n\n\n\n<p class=\"has-normal-font-size\">La iglesia de San Antonio es el pilar de uno de los barrios originales de Chilpancingo, construida a finales del siglo XIX, es el ejemplo de la uni\u00f3n ciudadana pues de ellos eman\u00f3 la construcci\u00f3n de la parroquia y su plazuela, que desde entonces ha sido punto de reuni\u00f3n cada 13 de Junio, d\u00eda en que festejan a San Antonio de Padua, su santo patr\u00f3n y protector del barrio.<\/p>\n\n\n\n<figure class=\"wp-block-image size-large\"><img fetchpriority=\"high\" decoding=\"async\" width=\"1024\" height=\"682\" src=\"https:\/\/chilpancingo.gob.mx\/portal\/wp-content\/uploads\/2021\/09\/IMG-20210820-WA0008-1024x682.jpg\" alt=\"\" class=\"wp-image-1616\" srcset=\"https:\/\/chilpancingo.gob.mx\/portal\/wp-content\/uploads\/2021\/09\/IMG-20210820-WA0008-1024x682.jpg 1024w, https:\/\/chilpancingo.gob.mx\/portal\/wp-content\/uploads\/2021\/09\/IMG-20210820-WA0008-300x200.jpg 300w, https:\/\/chilpancingo.gob.mx\/portal\/wp-content\/uploads\/2021\/09\/IMG-20210820-WA0008-768x511.jpg 768w, https:\/\/chilpancingo.gob.mx\/portal\/wp-content\/uploads\/2021\/09\/IMG-20210820-WA0008.jpg 1200w\" sizes=\"(max-width: 1024px) 100vw, 1024px\" \/><figcaption class=\"wp-element-caption\">Iglesia de Chilpancingo<\/figcaption><\/figure>\n\n\n\n<p class=\"has-normal-font-size\">El barrio de San Francisco se caracteriza por su iglesia y plaza llena de tranquilidad, fue fundado por ganaderos y comerciantes a<br>principios del siglo XIX, la iglesia que hoy conocemos inici\u00f3 como una modesta capilla que se fue mejorando con el paso de los a\u00f1os y que fue destruida en el temblor de 1902. Fue construida nuevamente por el afamado alarife<br>Francisco Leyva Corona. Este barrio festeja su fiesta patronal el d\u00eda 4 de octubre, fecha en que se recuerda al santo patrono San Francisco de As\u00eds.<\/p>\n\n\n\n<figure class=\"wp-block-image size-large\"><img decoding=\"async\" width=\"1024\" height=\"682\" src=\"https:\/\/chilpancingo.gob.mx\/portal\/wp-content\/uploads\/2021\/09\/IMG-20210820-WA0011-1024x682.jpg\" alt=\"\" class=\"wp-image-1617\" srcset=\"https:\/\/chilpancingo.gob.mx\/portal\/wp-content\/uploads\/2021\/09\/IMG-20210820-WA0011-1024x682.jpg 1024w, https:\/\/chilpancingo.gob.mx\/portal\/wp-content\/uploads\/2021\/09\/IMG-20210820-WA0011-300x200.jpg 300w, https:\/\/chilpancingo.gob.mx\/portal\/wp-content\/uploads\/2021\/09\/IMG-20210820-WA0011-768x511.jpg 768w, https:\/\/chilpancingo.gob.mx\/portal\/wp-content\/uploads\/2021\/09\/IMG-20210820-WA0011.jpg 1200w\" sizes=\"(max-width: 1024px) 100vw, 1024px\" \/><figcaption class=\"wp-element-caption\">Iglesia de San Francisco, Chilpancingo<\/figcaption><\/figure>\n\n\n\n<figure class=\"wp-block-gallery has-nested-images columns-4 is-cropped wp-block-gallery-1 is-layout-flex wp-block-gallery-is-layout-flex\">\n<figure class=\"wp-block-image size-medium\"><img decoding=\"async\" width=\"300\" height=\"200\" data-id=\"1618\" src=\"https:\/\/chilpancingo.gob.mx\/portal\/wp-content\/uploads\/2021\/09\/IMG-20210820-WA0006-300x200.jpg\" alt=\"\" class=\"wp-image-1618\" srcset=\"https:\/\/chilpancingo.gob.mx\/portal\/wp-content\/uploads\/2021\/09\/IMG-20210820-WA0006-300x200.jpg 300w, https:\/\/chilpancingo.gob.mx\/portal\/wp-content\/uploads\/2021\/09\/IMG-20210820-WA0006-1024x682.jpg 1024w, https:\/\/chilpancingo.gob.mx\/portal\/wp-content\/uploads\/2021\/09\/IMG-20210820-WA0006-768x511.jpg 768w, https:\/\/chilpancingo.gob.mx\/portal\/wp-content\/uploads\/2021\/09\/IMG-20210820-WA0006.jpg 1200w\" sizes=\"(max-width: 300px) 100vw, 300px\" \/><\/figure>\n\n\n\n<figure class=\"wp-block-image size-medium\"><img loading=\"lazy\" decoding=\"async\" width=\"300\" height=\"200\" data-id=\"1619\" src=\"https:\/\/chilpancingo.gob.mx\/portal\/wp-content\/uploads\/2021\/09\/IMG-20210820-WA0007-300x200.jpg\" alt=\"\" class=\"wp-image-1619\" srcset=\"https:\/\/chilpancingo.gob.mx\/portal\/wp-content\/uploads\/2021\/09\/IMG-20210820-WA0007-300x200.jpg 300w, https:\/\/chilpancingo.gob.mx\/portal\/wp-content\/uploads\/2021\/09\/IMG-20210820-WA0007-1024x682.jpg 1024w, https:\/\/chilpancingo.gob.mx\/portal\/wp-content\/uploads\/2021\/09\/IMG-20210820-WA0007-768x511.jpg 768w, https:\/\/chilpancingo.gob.mx\/portal\/wp-content\/uploads\/2021\/09\/IMG-20210820-WA0007.jpg 1200w\" sizes=\"(max-width: 300px) 100vw, 300px\" \/><\/figure>\n\n\n\n<figure class=\"wp-block-image size-medium\"><img loading=\"lazy\" decoding=\"async\" width=\"300\" height=\"200\" data-id=\"1620\" src=\"https:\/\/chilpancingo.gob.mx\/portal\/wp-content\/uploads\/2021\/09\/IMG-20210820-WA0008-1-300x200.jpg\" alt=\"\" class=\"wp-image-1620\" srcset=\"https:\/\/chilpancingo.gob.mx\/portal\/wp-content\/uploads\/2021\/09\/IMG-20210820-WA0008-1-300x200.jpg 300w, https:\/\/chilpancingo.gob.mx\/portal\/wp-content\/uploads\/2021\/09\/IMG-20210820-WA0008-1-1024x682.jpg 1024w, https:\/\/chilpancingo.gob.mx\/portal\/wp-content\/uploads\/2021\/09\/IMG-20210820-WA0008-1-768x511.jpg 768w, https:\/\/chilpancingo.gob.mx\/portal\/wp-content\/uploads\/2021\/09\/IMG-20210820-WA0008-1.jpg 1200w\" sizes=\"(max-width: 300px) 100vw, 300px\" \/><\/figure>\n\n\n\n<figure class=\"wp-block-image size-medium\"><img loading=\"lazy\" decoding=\"async\" width=\"300\" height=\"200\" data-id=\"1621\" src=\"https:\/\/chilpancingo.gob.mx\/portal\/wp-content\/uploads\/2021\/09\/IMG-20210820-WA0009-300x200.jpg\" alt=\"\" class=\"wp-image-1621\" srcset=\"https:\/\/chilpancingo.gob.mx\/portal\/wp-content\/uploads\/2021\/09\/IMG-20210820-WA0009-300x200.jpg 300w, https:\/\/chilpancingo.gob.mx\/portal\/wp-content\/uploads\/2021\/09\/IMG-20210820-WA0009-1024x682.jpg 1024w, https:\/\/chilpancingo.gob.mx\/portal\/wp-content\/uploads\/2021\/09\/IMG-20210820-WA0009-768x511.jpg 768w, https:\/\/chilpancingo.gob.mx\/portal\/wp-content\/uploads\/2021\/09\/IMG-20210820-WA0009.jpg 1200w\" sizes=\"(max-width: 300px) 100vw, 300px\" \/><\/figure>\n\n\n\n<figure class=\"wp-block-image size-medium\"><img loading=\"lazy\" decoding=\"async\" width=\"200\" height=\"300\" data-id=\"1622\" src=\"https:\/\/chilpancingo.gob.mx\/portal\/wp-content\/uploads\/2021\/09\/IMG-20210820-WA0010-200x300.jpg\" alt=\"\" class=\"wp-image-1622\" srcset=\"https:\/\/chilpancingo.gob.mx\/portal\/wp-content\/uploads\/2021\/09\/IMG-20210820-WA0010-200x300.jpg 200w, https:\/\/chilpancingo.gob.mx\/portal\/wp-content\/uploads\/2021\/09\/IMG-20210820-WA0010-682x1024.jpg 682w, https:\/\/chilpancingo.gob.mx\/portal\/wp-content\/uploads\/2021\/09\/IMG-20210820-WA0010-768x1154.jpg 768w, https:\/\/chilpancingo.gob.mx\/portal\/wp-content\/uploads\/2021\/09\/IMG-20210820-WA0010.jpg 799w\" sizes=\"(max-width: 200px) 100vw, 200px\" \/><\/figure>\n\n\n\n<figure class=\"wp-block-image size-medium\"><img loading=\"lazy\" decoding=\"async\" width=\"300\" height=\"200\" data-id=\"1623\" src=\"https:\/\/chilpancingo.gob.mx\/portal\/wp-content\/uploads\/2021\/09\/IMG-20210820-WA0011-1-300x200.jpg\" alt=\"\" class=\"wp-image-1623\" srcset=\"https:\/\/chilpancingo.gob.mx\/portal\/wp-content\/uploads\/2021\/09\/IMG-20210820-WA0011-1-300x200.jpg 300w, https:\/\/chilpancingo.gob.mx\/portal\/wp-content\/uploads\/2021\/09\/IMG-20210820-WA0011-1-1024x682.jpg 1024w, https:\/\/chilpancingo.gob.mx\/portal\/wp-content\/uploads\/2021\/09\/IMG-20210820-WA0011-1-768x511.jpg 768w, https:\/\/chilpancingo.gob.mx\/portal\/wp-content\/uploads\/2021\/09\/IMG-20210820-WA0011-1.jpg 1200w\" sizes=\"(max-width: 300px) 100vw, 300px\" \/><\/figure>\n\n\n\n<figure class=\"wp-block-image size-medium\"><img loading=\"lazy\" decoding=\"async\" width=\"300\" height=\"169\" data-id=\"1624\" src=\"https:\/\/chilpancingo.gob.mx\/portal\/wp-content\/uploads\/2021\/09\/IMG-20210820-WA0012-300x169.jpg\" alt=\"\" class=\"wp-image-1624\" srcset=\"https:\/\/chilpancingo.gob.mx\/portal\/wp-content\/uploads\/2021\/09\/IMG-20210820-WA0012-300x169.jpg 300w, https:\/\/chilpancingo.gob.mx\/portal\/wp-content\/uploads\/2021\/09\/IMG-20210820-WA0012-1024x576.jpg 1024w, https:\/\/chilpancingo.gob.mx\/portal\/wp-content\/uploads\/2021\/09\/IMG-20210820-WA0012-768x432.jpg 768w, https:\/\/chilpancingo.gob.mx\/portal\/wp-content\/uploads\/2021\/09\/IMG-20210820-WA0012.jpg 1200w\" sizes=\"(max-width: 300px) 100vw, 300px\" \/><\/figure>\n<\/figure>\n","protected":false},"excerpt":{"rendered":"<p>Localidades y Colonias La iglesia de San Antonio es el pilar de uno de los barrios originales de Chilpancingo, construida a finales del siglo XIX, es el ejemplo de la [&hellip;]<\/p>\n","protected":false},"author":2,"featured_media":0,"parent":0,"menu_order":0,"comment_status":"closed","ping_status":"closed","template":"","meta":{"pgc_sgb_lightbox_settings":"","footnotes":""},"class_list":["post-1615","page","type-page","status-publish","hentry"],"yoast_head":"<!-- This site is optimized with the Yoast SEO plugin v23.8 - https:\/\/yoast.com\/wordpress\/plugins\/seo\/ -->\n<title>Localidades y Colonias<\/title>\n<meta name=\"robots\" content=\"index, follow, max-snippet:-1, max-image-preview:large, max-video-preview:-1\" \/>\n<link rel=\"canonical\" href=\"https:\/\/chilpancingo.gob.mx\/portal\/localidades-y-colonias\/\" \/>\n<meta property=\"og:locale\" content=\"es_MX\" \/>\n<meta property=\"og:type\" content=\"article\" \/>\n<meta property=\"og:title\" content=\"Localidades y Colonias\" \/>\n<meta property=\"og:description\" content=\"Localidades y Colonias La iglesia de San Antonio es el pilar de uno de los barrios originales de Chilpancingo, construida a finales del siglo XIX, es el ejemplo de la [&hellip;]\" \/>\n<meta property=\"og:url\" content=\"https:\/\/chilpancingo.gob.mx\/portal\/localidades-y-colonias\/\" \/>\n<meta property=\"og:site_name\" content=\"H. Ayuntamiento de Chilpancingo de los Bravo\" \/>\n<meta property=\"article:publisher\" content=\"https:\/\/www.facebook.com\/AyuntamientodeChilpancingo\" \/>\n<meta property=\"article:modified_time\" content=\"2024-11-07T16:53:59+00:00\" \/>\n<meta property=\"og:image\" content=\"https:\/\/chilpancingo.gob.mx\/portal\/wp-content\/uploads\/2021\/09\/IMG-20210820-WA0008-1024x682.jpg\" \/>\n<meta name=\"twitter:card\" content=\"summary_large_image\" \/>\n<meta name=\"twitter:site\" content=\"@otilia_norma\" \/>\n<script type=\"application\/ld+json\" class=\"yoast-schema-graph\">{\"@context\":\"https:\/\/schema.org\",\"@graph\":[{\"@type\":\"WebPage\",\"@id\":\"https:\/\/chilpancingo.gob.mx\/portal\/localidades-y-colonias\/\",\"url\":\"https:\/\/chilpancingo.gob.mx\/portal\/localidades-y-colonias\/\",\"name\":\"Localidades y Colonias\",\"isPartOf\":{\"@id\":\"https:\/\/chilpancingo.gob.mx\/portal\/#website\"},\"primaryImageOfPage\":{\"@id\":\"https:\/\/chilpancingo.gob.mx\/portal\/localidades-y-colonias\/#primaryimage\"},\"image\":{\"@id\":\"https:\/\/chilpancingo.gob.mx\/portal\/localidades-y-colonias\/#primaryimage\"},\"thumbnailUrl\":\"https:\/\/chilpancingo.gob.mx\/portal\/wp-content\/uploads\/2021\/09\/IMG-20210820-WA0008-1024x682.jpg\",\"datePublished\":\"2021-09-09T01:30:35+00:00\",\"dateModified\":\"2024-11-07T16:53:59+00:00\",\"breadcrumb\":{\"@id\":\"https:\/\/chilpancingo.gob.mx\/portal\/localidades-y-colonias\/#breadcrumb\"},\"inLanguage\":\"es\",\"potentialAction\":[{\"@type\":\"ReadAction\",\"target\":[\"https:\/\/chilpancingo.gob.mx\/portal\/localidades-y-colonias\/\"]}]},{\"@type\":\"ImageObject\",\"inLanguage\":\"es\",\"@id\":\"https:\/\/chilpancingo.gob.mx\/portal\/localidades-y-colonias\/#primaryimage\",\"url\":\"https:\/\/chilpancingo.gob.mx\/portal\/wp-content\/uploads\/2021\/09\/IMG-20210820-WA0008.jpg\",\"contentUrl\":\"https:\/\/chilpancingo.gob.mx\/portal\/wp-content\/uploads\/2021\/09\/IMG-20210820-WA0008.jpg\",\"width\":1200,\"height\":799},{\"@type\":\"BreadcrumbList\",\"@id\":\"https:\/\/chilpancingo.gob.mx\/portal\/localidades-y-colonias\/#breadcrumb\",\"itemListElement\":[{\"@type\":\"ListItem\",\"position\":1,\"name\":\"Inicio\",\"item\":\"https:\/\/chilpancingo.gob.mx\/portal\/\"},{\"@type\":\"ListItem\",\"position\":2,\"name\":\"Localidades y Colonias\"}]},{\"@type\":\"WebSite\",\"@id\":\"https:\/\/chilpancingo.gob.mx\/portal\/#website\",\"url\":\"https:\/\/chilpancingo.gob.mx\/portal\/\",\"name\":\"H. Ayuntamiento de Chilpancingo de los Bravo\",\"description\":\"Chilpancingo de los Bravo  2024 - 2027\",\"publisher\":{\"@id\":\"https:\/\/chilpancingo.gob.mx\/portal\/#organization\"},\"potentialAction\":[{\"@type\":\"SearchAction\",\"target\":{\"@type\":\"EntryPoint\",\"urlTemplate\":\"https:\/\/chilpancingo.gob.mx\/portal\/?s={search_term_string}\"},\"query-input\":{\"@type\":\"PropertyValueSpecification\",\"valueRequired\":true,\"valueName\":\"search_term_string\"}}],\"inLanguage\":\"es\"},{\"@type\":\"Organization\",\"@id\":\"https:\/\/chilpancingo.gob.mx\/portal\/#organization\",\"name\":\"Municipio de Chilpancingo de los Bravo\",\"url\":\"https:\/\/chilpancingo.gob.mx\/portal\/\",\"logo\":{\"@type\":\"ImageObject\",\"inLanguage\":\"es\",\"@id\":\"https:\/\/chilpancingo.gob.mx\/portal\/#\/schema\/logo\/image\/\",\"url\":\"https:\/\/chilpancingo.gob.mx\/portal\/wp-content\/uploads\/2021\/09\/Logo-Oficial-Capital-de-cultura-y-progreso.png\",\"contentUrl\":\"https:\/\/chilpancingo.gob.mx\/portal\/wp-content\/uploads\/2021\/09\/Logo-Oficial-Capital-de-cultura-y-progreso.png\",\"width\":1200,\"height\":623,\"caption\":\"Municipio de Chilpancingo de los Bravo\"},\"image\":{\"@id\":\"https:\/\/chilpancingo.gob.mx\/portal\/#\/schema\/logo\/image\/\"},\"sameAs\":[\"https:\/\/www.facebook.com\/AyuntamientodeChilpancingo\",\"https:\/\/x.com\/otilia_norma\"]}]}<\/script>\n<!-- \/ Yoast SEO plugin. -->","yoast_head_json":{"title":"Localidades y Colonias","robots":{"index":"index","follow":"follow","max-snippet":"max-snippet:-1","max-image-preview":"max-image-preview:large","max-video-preview":"max-video-preview:-1"},"canonical":"https:\/\/chilpancingo.gob.mx\/portal\/localidades-y-colonias\/","og_locale":"es_MX","og_type":"article","og_title":"Localidades y Colonias","og_description":"Localidades y Colonias La iglesia de San Antonio es el pilar de uno de los barrios originales de Chilpancingo, construida a finales del siglo XIX, es el ejemplo de la [&hellip;]","og_url":"https:\/\/chilpancingo.gob.mx\/portal\/localidades-y-colonias\/","og_site_name":"H. Ayuntamiento de Chilpancingo de los Bravo","article_publisher":"https:\/\/www.facebook.com\/AyuntamientodeChilpancingo","article_modified_time":"2024-11-07T16:53:59+00:00","og_image":[{"url":"https:\/\/chilpancingo.gob.mx\/portal\/wp-content\/uploads\/2021\/09\/IMG-20210820-WA0008-1024x682.jpg"}],"twitter_card":"summary_large_image","twitter_site":"@otilia_norma","schema":{"@context":"https:\/\/schema.org","@graph":[{"@type":"WebPage","@id":"https:\/\/chilpancingo.gob.mx\/portal\/localidades-y-colonias\/","url":"https:\/\/chilpancingo.gob.mx\/portal\/localidades-y-colonias\/","name":"Localidades y Colonias","isPartOf":{"@id":"https:\/\/chilpancingo.gob.mx\/portal\/#website"},"primaryImageOfPage":{"@id":"https:\/\/chilpancingo.gob.mx\/portal\/localidades-y-colonias\/#primaryimage"},"image":{"@id":"https:\/\/chilpancingo.gob.mx\/portal\/localidades-y-colonias\/#primaryimage"},"thumbnailUrl":"https:\/\/chilpancingo.gob.mx\/portal\/wp-content\/uploads\/2021\/09\/IMG-20210820-WA0008-1024x682.jpg","datePublished":"2021-09-09T01:30:35+00:00","dateModified":"2024-11-07T16:53:59+00:00","breadcrumb":{"@id":"https:\/\/chilpancingo.gob.mx\/portal\/localidades-y-colonias\/#breadcrumb"},"inLanguage":"es","potentialAction":[{"@type":"ReadAction","target":["https:\/\/chilpancingo.gob.mx\/portal\/localidades-y-colonias\/"]}]},{"@type":"ImageObject","inLanguage":"es","@id":"https:\/\/chilpancingo.gob.mx\/portal\/localidades-y-colonias\/#primaryimage","url":"https:\/\/chilpancingo.gob.mx\/portal\/wp-content\/uploads\/2021\/09\/IMG-20210820-WA0008.jpg","contentUrl":"https:\/\/chilpancingo.gob.mx\/portal\/wp-content\/uploads\/2021\/09\/IMG-20210820-WA0008.jpg","width":1200,"height":799},{"@type":"BreadcrumbList","@id":"https:\/\/chilpancingo.gob.mx\/portal\/localidades-y-colonias\/#breadcrumb","itemListElement":[{"@type":"ListItem","position":1,"name":"Inicio","item":"https:\/\/chilpancingo.gob.mx\/portal\/"},{"@type":"ListItem","position":2,"name":"Localidades y Colonias"}]},{"@type":"WebSite","@id":"https:\/\/chilpancingo.gob.mx\/portal\/#website","url":"https:\/\/chilpancingo.gob.mx\/portal\/","name":"H. Ayuntamiento de Chilpancingo de los Bravo","description":"Chilpancingo de los Bravo  2024 - 2027","publisher":{"@id":"https:\/\/chilpancingo.gob.mx\/portal\/#organization"},"potentialAction":[{"@type":"SearchAction","target":{"@type":"EntryPoint","urlTemplate":"https:\/\/chilpancingo.gob.mx\/portal\/?s={search_term_string}"},"query-input":{"@type":"PropertyValueSpecification","valueRequired":true,"valueName":"search_term_string"}}],"inLanguage":"es"},{"@type":"Organization","@id":"https:\/\/chilpancingo.gob.mx\/portal\/#organization","name":"Municipio de Chilpancingo de los Bravo","url":"https:\/\/chilpancingo.gob.mx\/portal\/","logo":{"@type":"ImageObject","inLanguage":"es","@id":"https:\/\/chilpancingo.gob.mx\/portal\/#\/schema\/logo\/image\/","url":"https:\/\/chilpancingo.gob.mx\/portal\/wp-content\/uploads\/2021\/09\/Logo-Oficial-Capital-de-cultura-y-progreso.png","contentUrl":"https:\/\/chilpancingo.gob.mx\/portal\/wp-content\/uploads\/2021\/09\/Logo-Oficial-Capital-de-cultura-y-progreso.png","width":1200,"height":623,"caption":"Municipio de Chilpancingo de los Bravo"},"image":{"@id":"https:\/\/chilpancingo.gob.mx\/portal\/#\/schema\/logo\/image\/"},"sameAs":["https:\/\/www.facebook.com\/AyuntamientodeChilpancingo","https:\/\/x.com\/otilia_norma"]}]}},"_links":{"self":[{"href":"https:\/\/chilpancingo.gob.mx\/portal\/wp-json\/wp\/v2\/pages\/1615","targetHints":{"allow":["GET"]}}],"collection":[{"href":"https:\/\/chilpancingo.gob.mx\/portal\/wp-json\/wp\/v2\/pages"}],"about":[{"href":"https:\/\/chilpancingo.gob.mx\/portal\/wp-json\/wp\/v2\/types\/page"}],"author":[{"embeddable":true,"href":"https:\/\/chilpancingo.gob.mx\/portal\/wp-json\/wp\/v2\/users\/2"}],"replies":[{"embeddable":true,"href":"https:\/\/chilpancingo.gob.mx\/portal\/wp-json\/wp\/v2\/comments?post=1615"}],"version-history":[{"count":5,"href":"https:\/\/chilpancingo.gob.mx\/portal\/wp-json\/wp\/v2\/pages\/1615\/revisions"}],"predecessor-version":[{"id":12492,"href":"https:\/\/chilpancingo.gob.mx\/portal\/wp-json\/wp\/v2\/pages\/1615\/revisions\/12492"}],"wp:attachment":[{"href":"https:\/\/chilpancingo.gob.mx\/portal\/wp-json\/wp\/v2\/media?parent=1615"}],"curies":[{"name":"wp","href":"https:\/\/api.w.org\/{rel}","templated":true}]}}