{"id":1915,"date":"2024-09-30T05:38:00","date_gmt":"2024-09-30T11:38:00","guid":{"rendered":"https:\/\/chilpancingo.gob.mx\/portal\/?page_id=1915"},"modified":"2024-11-04T13:49:33","modified_gmt":"2024-11-04T19:49:33","slug":"conoce-a-el-presidente","status":"publish","type":"page","link":"https:\/\/chilpancingo.gob.mx\/portal\/conoce-a-el-presidente\/","title":{"rendered":"Conoce a el presidente"},"content":{"rendered":"\t\t<div data-elementor-type=\"wp-page\" data-elementor-id=\"1915\" class=\"elementor elementor-1915\">\n\t\t\t\t\t\t<section class=\"elementor-section elementor-top-section elementor-element elementor-element-1d6402b elementor-section-boxed elementor-section-height-default elementor-section-height-default\" data-id=\"1d6402b\" data-element_type=\"section\">\n\t\t\t\t\t\t<div class=\"elementor-container elementor-column-gap-default\">\n\t\t\t\t\t<div class=\"elementor-column elementor-col-100 elementor-top-column elementor-element elementor-element-feba91d\" data-id=\"feba91d\" data-element_type=\"column\">\n\t\t\t<div class=\"elementor-widget-wrap elementor-element-populated\">\n\t\t\t\t\t\t<div class=\"elementor-element elementor-element-f4c687d elementor-widget elementor-widget-whitehall_about_us_v1\" data-id=\"f4c687d\" data-element_type=\"widget\" data-widget_type=\"whitehall_about_us_v1.default\">\n\t\t\t\t<div class=\"elementor-widget-container\">\n\t\t\t\t\t        \n        <!-- about-section -->\n        <section class=\"about-section sec-pad bg-color-1\">\n            <div class=\"auto-container\">\n                <div class=\"row clearfix\">\n                    <div class=\"col-lg-6 col-md-12 col-sm-12 content-column\">\n                        <div class=\"content_block_1\">\n                            <div class=\"content-box\">\n                                <div class=\"sec-title\">\n                                    \t\t\t\t\t\t\t\t\t\n                                    \t\t\t\t\t\t\t\t\t<h2>Dr. Gustavo Alarc\u00f3n Herrera <\/h2>\n                                    <div class=\"title-shape\"><\/div>\n\t\t\t\t\t\t\t\t\t                                <\/div>\n                                <div class=\"text\">\n                                    <h5><\/h5>\n                                    <h4><\/h4>\n                                    <p><\/p>\n                                <\/div>\n                                <div class=\"inner-box clearfix\">\n                                    <figure class=\"signature pull-left\"><img decoding=\"async\" src=\"https:\/\/chilpancingo.gob.mx\/portal\/wp-content\/uploads\/2024\/09\/LogoHAyto24-27.png\" alt=\"Signature\"><\/figure>\n                                    <ul class=\"social-style-one clearfix\">\n\t\t\t\t\t\t\t\t\t\t                                        <li><a href=\"https:\/\/www.facebook.com\/NormaOtiliaHernandez\" target=\"_blank\"><i class=\"fab fa fa-facebook\"><\/i><\/a><\/li>\n                                                                                <li><a href=\"https:\/\/twitter.com\/Otilia_norma\" target=\"_blank\"><i class=\"fab fa fa-twitter\"><\/i><\/a><\/li>\n                                                                            <\/ul>\n                                <\/div>\n                                <div class=\"lower-box\">\n                                    <div class=\"row clearfix\">\n\t\t\t\t\t\t\t\t\t\t                                    <\/div>\n                                <\/div>\n                            <\/div>\n                        <\/div>\n                    <\/div>\n                    <div class=\"col-lg-6 col-md-12 col-sm-12 image-column\">\n                        <div class=\"image_block_1\">\n                            <div class=\"image-box\">\n\t\t\t\t\t\t\t\t                                <figure class=\"image\"><img decoding=\"async\" src=\"https:\/\/chilpancingo.gob.mx\/portal\/wp-content\/uploads\/2024\/10\/PresiAlarcon.jpeg\" alt=\"Awesome Image\"><\/figure>\n\t\t\t\t\t\t\t\t\t\t\t\t\t\t\t\t                                <div class=\"text\">\n                                    <h4>Presidente Municipal Constitucional de Chilpancingo de los Bravo<\/h4>\n                                <\/div>\n\t\t\t\t\t\t\t\t                            <\/div>\n                        <\/div>\n                    <\/div>\n                <\/div>\n            <\/div>\n        <\/section>\n        <!-- about-section end -->\n\n        \t\t\t\t<\/div>\n\t\t\t\t<\/div>\n\t\t\t\t\t<\/div>\n\t\t<\/div>\n\t\t\t\t\t<\/div>\n\t\t<\/section>\n\t\t\t\t<section class=\"elementor-section elementor-top-section elementor-element elementor-element-6a9eca1 elementor-section-boxed elementor-section-height-default elementor-section-height-default\" data-id=\"6a9eca1\" data-element_type=\"section\">\n\t\t\t\t\t\t<div class=\"elementor-container elementor-column-gap-default\">\n\t\t\t\t\t<div class=\"elementor-column elementor-col-100 elementor-top-column elementor-element elementor-element-bb9b970\" data-id=\"bb9b970\" data-element_type=\"column\">\n\t\t\t<div class=\"elementor-widget-wrap elementor-element-populated\">\n\t\t\t\t\t\t<div class=\"elementor-element elementor-element-d454362 elementor-widget elementor-widget-text-editor\" data-id=\"d454362\" data-element_type=\"widget\" data-widget_type=\"text-editor.default\">\n\t\t\t\t<div class=\"elementor-widget-container\">\n\t\t\t\t\t\t\t\t\t<p><\/p>\n<p><\/p>\n<p><br><\/p><p><b>Conoce su trayectoria:<\/b><\/p>\n<ul style=\"list-style: inside !important;\">\n<li>&nbsp;<li>Gustavo Alarc\u00f3n Herrera es m\u00e9dico por la Universidad Nacional Aut\u00f3noma de M\u00e9xico (UNAM), graduado en 1980; su vocaci\u00f3n de ayudar a la gente lo orill\u00f3 a nuevamente cursar la carrera para obtener un nuevo t\u00edtulo de m\u00e9dico por la Universidad Aut\u00f3noma de Guerrero (Uagro), certificado como especialista en medicina interna.<\/li><li><br><\/li><li>Proveniente de una familia ligada a la clase pol\u00edtica local y al sector salud, naci\u00f3 el 25 de octubre de 1960 y es hijo del extinto pol\u00edtico del PRI, Sa\u00fal Alarc\u00f3n Abarca, quien fue director de los Servicios Estatales de Salud en 1996, diputado local de 2000 a 2002 y alcalde de Chilpancingo en el trienio 2002-2005.<\/li><li><br><\/li><li>Originario del vecino municipio de Eduardo Neri (Zumpango), radica en esta capital del estado desde los tres a\u00f1os de edad donde fund\u00f3 la asociaci\u00f3n civil Ignacio Manuel Altamirano, dedicada a acciones altruistas en colonias y pueblos en busca de la alcald\u00eda.<\/li><li><br><\/li><li>Gustavo Alarc\u00f3n ha dirigido el Hospital General de Chilpancingo de la Secretar\u00eda de Salud. Asimismo, fue pionero en campa\u00f1as de salud gratuitas en zonas populares y rurales del municipio.<\/li><\/li>\n<\/ul>\n<p><b>&nbsp;<\/b><\/p>\n<ul style=\"list-style: inside !important;\">\n<li>&nbsp;<\/li>\n<\/ul>\t\t\t\t\t\t\t\t<\/div>\n\t\t\t\t<\/div>\n\t\t\t\t\t<\/div>\n\t\t<\/div>\n\t\t\t\t\t<\/div>\n\t\t<\/section>\n\t\t\t\t<\/div>\n\t\t","protected":false},"excerpt":{"rendered":"<p>Dr. Gustavo Alarc\u00f3n Herrera Presidente Municipal Constitucional de Chilpancingo de los Bravo Conoce su trayectoria: &nbsp; Gustavo Alarc\u00f3n Herrera es m\u00e9dico por la Universidad Nacional Aut\u00f3noma de M\u00e9xico (UNAM), graduado [&hellip;]<\/p>\n","protected":false},"author":2,"featured_media":0,"parent":0,"menu_order":0,"comment_status":"closed","ping_status":"closed","template":"","meta":{"pgc_sgb_lightbox_settings":"","footnotes":""},"class_list":["post-1915","page","type-page","status-publish","hentry"],"yoast_head":"<!-- This site is optimized with the Yoast SEO plugin v23.8 - https:\/\/yoast.com\/wordpress\/plugins\/seo\/ -->\n<title>Conoce a el presidente<\/title>\n<meta name=\"robots\" content=\"index, follow, max-snippet:-1, max-image-preview:large, max-video-preview:-1\" \/>\n<link rel=\"canonical\" href=\"https:\/\/chilpancingo.gob.mx\/portal\/conoce-a-el-presidente\/\" \/>\n<meta property=\"og:locale\" content=\"es_MX\" \/>\n<meta property=\"og:type\" content=\"article\" \/>\n<meta property=\"og:title\" content=\"Conoce a el presidente\" \/>\n<meta property=\"og:description\" content=\"Dr. Gustavo Alarc\u00f3n Herrera Presidente Municipal Constitucional de Chilpancingo de los Bravo Conoce su trayectoria: &nbsp; Gustavo Alarc\u00f3n Herrera es m\u00e9dico por la Universidad Nacional Aut\u00f3noma de M\u00e9xico (UNAM), graduado [&hellip;]\" \/>\n<meta property=\"og:url\" content=\"https:\/\/chilpancingo.gob.mx\/portal\/conoce-a-el-presidente\/\" \/>\n<meta property=\"og:site_name\" content=\"H. Ayuntamiento de Chilpancingo de los Bravo\" \/>\n<meta property=\"article:publisher\" content=\"https:\/\/www.facebook.com\/AyuntamientodeChilpancingo\" \/>\n<meta property=\"article:modified_time\" content=\"2024-11-04T19:49:33+00:00\" \/>\n<meta property=\"og:image\" content=\"https:\/\/chilpancingo.gob.mx\/portal\/wp-content\/uploads\/2024\/09\/LogoHAyto24-27.png\" \/>\n<meta name=\"twitter:card\" content=\"summary_large_image\" \/>\n<meta name=\"twitter:site\" content=\"@otilia_norma\" \/>\n<script type=\"application\/ld+json\" class=\"yoast-schema-graph\">{\"@context\":\"https:\/\/schema.org\",\"@graph\":[{\"@type\":\"WebPage\",\"@id\":\"https:\/\/chilpancingo.gob.mx\/portal\/conoce-a-el-presidente\/\",\"url\":\"https:\/\/chilpancingo.gob.mx\/portal\/conoce-a-el-presidente\/\",\"name\":\"Conoce a el presidente\",\"isPartOf\":{\"@id\":\"https:\/\/chilpancingo.gob.mx\/portal\/#website\"},\"primaryImageOfPage\":{\"@id\":\"https:\/\/chilpancingo.gob.mx\/portal\/conoce-a-el-presidente\/#primaryimage\"},\"image\":{\"@id\":\"https:\/\/chilpancingo.gob.mx\/portal\/conoce-a-el-presidente\/#primaryimage\"},\"thumbnailUrl\":\"https:\/\/chilpancingo.gob.mx\/portal\/wp-content\/uploads\/2024\/09\/LogoHAyto24-27.png\",\"datePublished\":\"2024-09-30T11:38:00+00:00\",\"dateModified\":\"2024-11-04T19:49:33+00:00\",\"breadcrumb\":{\"@id\":\"https:\/\/chilpancingo.gob.mx\/portal\/conoce-a-el-presidente\/#breadcrumb\"},\"inLanguage\":\"es\",\"potentialAction\":[{\"@type\":\"ReadAction\",\"target\":[\"https:\/\/chilpancingo.gob.mx\/portal\/conoce-a-el-presidente\/\"]}]},{\"@type\":\"ImageObject\",\"inLanguage\":\"es\",\"@id\":\"https:\/\/chilpancingo.gob.mx\/portal\/conoce-a-el-presidente\/#primaryimage\",\"url\":\"https:\/\/chilpancingo.gob.mx\/portal\/wp-content\/uploads\/2024\/09\/LogoHAyto24-27.png\",\"contentUrl\":\"https:\/\/chilpancingo.gob.mx\/portal\/wp-content\/uploads\/2024\/09\/LogoHAyto24-27.png\",\"width\":1200,\"height\":573},{\"@type\":\"BreadcrumbList\",\"@id\":\"https:\/\/chilpancingo.gob.mx\/portal\/conoce-a-el-presidente\/#breadcrumb\",\"itemListElement\":[{\"@type\":\"ListItem\",\"position\":1,\"name\":\"Inicio\",\"item\":\"https:\/\/chilpancingo.gob.mx\/portal\/\"},{\"@type\":\"ListItem\",\"position\":2,\"name\":\"Conoce a el presidente\"}]},{\"@type\":\"WebSite\",\"@id\":\"https:\/\/chilpancingo.gob.mx\/portal\/#website\",\"url\":\"https:\/\/chilpancingo.gob.mx\/portal\/\",\"name\":\"H. Ayuntamiento de Chilpancingo de los Bravo\",\"description\":\"Chilpancingo de los Bravo  2024 - 2027\",\"publisher\":{\"@id\":\"https:\/\/chilpancingo.gob.mx\/portal\/#organization\"},\"potentialAction\":[{\"@type\":\"SearchAction\",\"target\":{\"@type\":\"EntryPoint\",\"urlTemplate\":\"https:\/\/chilpancingo.gob.mx\/portal\/?s={search_term_string}\"},\"query-input\":{\"@type\":\"PropertyValueSpecification\",\"valueRequired\":true,\"valueName\":\"search_term_string\"}}],\"inLanguage\":\"es\"},{\"@type\":\"Organization\",\"@id\":\"https:\/\/chilpancingo.gob.mx\/portal\/#organization\",\"name\":\"Municipio de Chilpancingo de los Bravo\",\"url\":\"https:\/\/chilpancingo.gob.mx\/portal\/\",\"logo\":{\"@type\":\"ImageObject\",\"inLanguage\":\"es\",\"@id\":\"https:\/\/chilpancingo.gob.mx\/portal\/#\/schema\/logo\/image\/\",\"url\":\"https:\/\/chilpancingo.gob.mx\/portal\/wp-content\/uploads\/2021\/09\/Logo-Oficial-Capital-de-cultura-y-progreso.png\",\"contentUrl\":\"https:\/\/chilpancingo.gob.mx\/portal\/wp-content\/uploads\/2021\/09\/Logo-Oficial-Capital-de-cultura-y-progreso.png\",\"width\":1200,\"height\":623,\"caption\":\"Municipio de Chilpancingo de los Bravo\"},\"image\":{\"@id\":\"https:\/\/chilpancingo.gob.mx\/portal\/#\/schema\/logo\/image\/\"},\"sameAs\":[\"https:\/\/www.facebook.com\/AyuntamientodeChilpancingo\",\"https:\/\/x.com\/otilia_norma\"]}]}<\/script>\n<!-- \/ Yoast SEO plugin. -->","yoast_head_json":{"title":"Conoce a el presidente","robots":{"index":"index","follow":"follow","max-snippet":"max-snippet:-1","max-image-preview":"max-image-preview:large","max-video-preview":"max-video-preview:-1"},"canonical":"https:\/\/chilpancingo.gob.mx\/portal\/conoce-a-el-presidente\/","og_locale":"es_MX","og_type":"article","og_title":"Conoce a el presidente","og_description":"Dr. Gustavo Alarc\u00f3n Herrera Presidente Municipal Constitucional de Chilpancingo de los Bravo Conoce su trayectoria: &nbsp; Gustavo Alarc\u00f3n Herrera es m\u00e9dico por la Universidad Nacional Aut\u00f3noma de M\u00e9xico (UNAM), graduado [&hellip;]","og_url":"https:\/\/chilpancingo.gob.mx\/portal\/conoce-a-el-presidente\/","og_site_name":"H. Ayuntamiento de Chilpancingo de los Bravo","article_publisher":"https:\/\/www.facebook.com\/AyuntamientodeChilpancingo","article_modified_time":"2024-11-04T19:49:33+00:00","og_image":[{"url":"https:\/\/chilpancingo.gob.mx\/portal\/wp-content\/uploads\/2024\/09\/LogoHAyto24-27.png"}],"twitter_card":"summary_large_image","twitter_site":"@otilia_norma","schema":{"@context":"https:\/\/schema.org","@graph":[{"@type":"WebPage","@id":"https:\/\/chilpancingo.gob.mx\/portal\/conoce-a-el-presidente\/","url":"https:\/\/chilpancingo.gob.mx\/portal\/conoce-a-el-presidente\/","name":"Conoce a el presidente","isPartOf":{"@id":"https:\/\/chilpancingo.gob.mx\/portal\/#website"},"primaryImageOfPage":{"@id":"https:\/\/chilpancingo.gob.mx\/portal\/conoce-a-el-presidente\/#primaryimage"},"image":{"@id":"https:\/\/chilpancingo.gob.mx\/portal\/conoce-a-el-presidente\/#primaryimage"},"thumbnailUrl":"https:\/\/chilpancingo.gob.mx\/portal\/wp-content\/uploads\/2024\/09\/LogoHAyto24-27.png","datePublished":"2024-09-30T11:38:00+00:00","dateModified":"2024-11-04T19:49:33+00:00","breadcrumb":{"@id":"https:\/\/chilpancingo.gob.mx\/portal\/conoce-a-el-presidente\/#breadcrumb"},"inLanguage":"es","potentialAction":[{"@type":"ReadAction","target":["https:\/\/chilpancingo.gob.mx\/portal\/conoce-a-el-presidente\/"]}]},{"@type":"ImageObject","inLanguage":"es","@id":"https:\/\/chilpancingo.gob.mx\/portal\/conoce-a-el-presidente\/#primaryimage","url":"https:\/\/chilpancingo.gob.mx\/portal\/wp-content\/uploads\/2024\/09\/LogoHAyto24-27.png","contentUrl":"https:\/\/chilpancingo.gob.mx\/portal\/wp-content\/uploads\/2024\/09\/LogoHAyto24-27.png","width":1200,"height":573},{"@type":"BreadcrumbList","@id":"https:\/\/chilpancingo.gob.mx\/portal\/conoce-a-el-presidente\/#breadcrumb","itemListElement":[{"@type":"ListItem","position":1,"name":"Inicio","item":"https:\/\/chilpancingo.gob.mx\/portal\/"},{"@type":"ListItem","position":2,"name":"Conoce a el presidente"}]},{"@type":"WebSite","@id":"https:\/\/chilpancingo.gob.mx\/portal\/#website","url":"https:\/\/chilpancingo.gob.mx\/portal\/","name":"H. Ayuntamiento de Chilpancingo de los Bravo","description":"Chilpancingo de los Bravo  2024 - 2027","publisher":{"@id":"https:\/\/chilpancingo.gob.mx\/portal\/#organization"},"potentialAction":[{"@type":"SearchAction","target":{"@type":"EntryPoint","urlTemplate":"https:\/\/chilpancingo.gob.mx\/portal\/?s={search_term_string}"},"query-input":{"@type":"PropertyValueSpecification","valueRequired":true,"valueName":"search_term_string"}}],"inLanguage":"es"},{"@type":"Organization","@id":"https:\/\/chilpancingo.gob.mx\/portal\/#organization","name":"Municipio de Chilpancingo de los Bravo","url":"https:\/\/chilpancingo.gob.mx\/portal\/","logo":{"@type":"ImageObject","inLanguage":"es","@id":"https:\/\/chilpancingo.gob.mx\/portal\/#\/schema\/logo\/image\/","url":"https:\/\/chilpancingo.gob.mx\/portal\/wp-content\/uploads\/2021\/09\/Logo-Oficial-Capital-de-cultura-y-progreso.png","contentUrl":"https:\/\/chilpancingo.gob.mx\/portal\/wp-content\/uploads\/2021\/09\/Logo-Oficial-Capital-de-cultura-y-progreso.png","width":1200,"height":623,"caption":"Municipio de Chilpancingo de los Bravo"},"image":{"@id":"https:\/\/chilpancingo.gob.mx\/portal\/#\/schema\/logo\/image\/"},"sameAs":["https:\/\/www.facebook.com\/AyuntamientodeChilpancingo","https:\/\/x.com\/otilia_norma"]}]}},"_links":{"self":[{"href":"https:\/\/chilpancingo.gob.mx\/portal\/wp-json\/wp\/v2\/pages\/1915","targetHints":{"allow":["GET"]}}],"collection":[{"href":"https:\/\/chilpancingo.gob.mx\/portal\/wp-json\/wp\/v2\/pages"}],"about":[{"href":"https:\/\/chilpancingo.gob.mx\/portal\/wp-json\/wp\/v2\/types\/page"}],"author":[{"embeddable":true,"href":"https:\/\/chilpancingo.gob.mx\/portal\/wp-json\/wp\/v2\/users\/2"}],"replies":[{"embeddable":true,"href":"https:\/\/chilpancingo.gob.mx\/portal\/wp-json\/wp\/v2\/comments?post=1915"}],"version-history":[{"count":74,"href":"https:\/\/chilpancingo.gob.mx\/portal\/wp-json\/wp\/v2\/pages\/1915\/revisions"}],"predecessor-version":[{"id":12414,"href":"https:\/\/chilpancingo.gob.mx\/portal\/wp-json\/wp\/v2\/pages\/1915\/revisions\/12414"}],"wp:attachment":[{"href":"https:\/\/chilpancingo.gob.mx\/portal\/wp-json\/wp\/v2\/media?parent=1915"}],"curies":[{"name":"wp","href":"https:\/\/api.w.org\/{rel}","templated":true}]}}