{"id":4523,"date":"2021-11-06T12:16:16","date_gmt":"2021-11-06T18:16:16","guid":{"rendered":"https:\/\/chilpancingo.gob.mx\/transparencia\/?page_id=4523"},"modified":"2024-08-21T22:27:13","modified_gmt":"2024-08-22T04:27:13","slug":"xxi-la-informacion-financiera-sobre-el-presupuesto-asignado-asi-como-los-informes-del-ejercicio-trimestral-del-gasto-en-terminos-de-la-normatividad-aplicable","status":"publish","type":"page","link":"https:\/\/chilpancingo.gob.mx\/transparencia\/xxi-la-informacion-financiera-sobre-el-presupuesto-asignado-asi-como-los-informes-del-ejercicio-trimestral-del-gasto-en-terminos-de-la-normatividad-aplicable\/","title":{"rendered":"XXI. La informaci\u00f3n financiera sobre el presupuesto asignado, as\u00ed como los informes del ejercicio trimestral del gasto, en t\u00e9rminos de la normatividad aplicable."},"content":{"rendered":"\t\t<div data-elementor-type=\"wp-page\" data-elementor-id=\"4523\" class=\"elementor elementor-4523\">\n\t\t\t\t\t\t<section class=\"elementor-section elementor-top-section elementor-element elementor-element-b7b507e elementor-section-boxed elementor-section-height-default elementor-section-height-default\" data-id=\"b7b507e\" data-element_type=\"section\">\n\t\t\t\t\t\t<div class=\"elementor-container elementor-column-gap-default\">\n\t\t\t\t\t<div class=\"elementor-column elementor-col-100 elementor-top-column elementor-element elementor-element-266d5b5\" data-id=\"266d5b5\" data-element_type=\"column\">\n\t\t\t<div class=\"elementor-widget-wrap elementor-element-populated\">\n\t\t\t\t\t\t<div class=\"elementor-element elementor-element-f67c20c elementor-widget elementor-widget-heading\" data-id=\"f67c20c\" data-element_type=\"widget\" data-widget_type=\"heading.default\">\n\t\t\t\t<div class=\"elementor-widget-container\">\n\t\t\t\t\t<h4 class=\"elementor-heading-title elementor-size-default\">XXI. La informaci\u00f3n financiera sobre el presupuesto asignado, as\u00ed como los informes del ejercicio trimestral del gasto, en t\u00e9rminos de la normatividad aplicable.<\/h4>\t\t\t\t<\/div>\n\t\t\t\t<\/div>\n\t\t\t\t\t<\/div>\n\t\t<\/div>\n\t\t\t\t\t<\/div>\n\t\t<\/section>\n\t\t\t\t<section class=\"elementor-section elementor-top-section elementor-element elementor-element-5e70aeb elementor-section-boxed elementor-section-height-default elementor-section-height-default\" data-id=\"5e70aeb\" data-element_type=\"section\">\n\t\t\t\t\t\t<div class=\"elementor-container elementor-column-gap-default\">\n\t\t\t\t\t<div class=\"elementor-column elementor-col-100 elementor-top-column elementor-element elementor-element-82524f7\" data-id=\"82524f7\" data-element_type=\"column\">\n\t\t\t<div class=\"elementor-widget-wrap elementor-element-populated\">\n\t\t\t\t\t\t<div class=\"elementor-element elementor-element-ca05082 elementor-tabs-view-horizontal elementor-widget elementor-widget-tabs\" data-id=\"ca05082\" data-element_type=\"widget\" data-widget_type=\"tabs.default\">\n\t\t\t\t<div class=\"elementor-widget-container\">\n\t\t\t\t\t\t\t<div class=\"elementor-tabs\">\n\t\t\t<div class=\"elementor-tabs-wrapper\" role=\"tablist\" >\n\t\t\t\t\t\t\t\t\t<div id=\"elementor-tab-title-2111\" class=\"elementor-tab-title elementor-tab-desktop-title\" aria-selected=\"true\" data-tab=\"1\" role=\"tab\" tabindex=\"0\" aria-controls=\"elementor-tab-content-2111\" aria-expanded=\"false\"><i class=\"fas fa-calendar-alt\"><\/i>  2024<\/div>\n\t\t\t\t\t\t\t\t\t<div id=\"elementor-tab-title-2112\" class=\"elementor-tab-title elementor-tab-desktop-title\" aria-selected=\"false\" data-tab=\"2\" role=\"tab\" tabindex=\"-1\" aria-controls=\"elementor-tab-content-2112\" aria-expanded=\"false\"><i class=\"fas fa-calendar-alt\"><\/i>  2023<\/div>\n\t\t\t\t\t\t\t\t\t<div id=\"elementor-tab-title-2113\" class=\"elementor-tab-title elementor-tab-desktop-title\" aria-selected=\"false\" data-tab=\"3\" role=\"tab\" tabindex=\"-1\" aria-controls=\"elementor-tab-content-2113\" aria-expanded=\"false\"><i class=\"fas fa-calendar-alt\"><\/i>  2022<\/div>\n\t\t\t\t\t\t\t\t\t<div id=\"elementor-tab-title-2114\" class=\"elementor-tab-title elementor-tab-desktop-title\" aria-selected=\"false\" data-tab=\"4\" role=\"tab\" tabindex=\"-1\" aria-controls=\"elementor-tab-content-2114\" aria-expanded=\"false\"><i class=\"fas fa-calendar-alt\"><\/i>  2021<\/div>\n\t\t\t\t\t\t\t<\/div>\n\t\t\t<div class=\"elementor-tabs-content-wrapper\" role=\"tablist\" aria-orientation=\"vertical\">\n\t\t\t\t\t\t\t\t\t<div class=\"elementor-tab-title elementor-tab-mobile-title\" aria-selected=\"true\" data-tab=\"1\" role=\"tab\" tabindex=\"0\" aria-controls=\"elementor-tab-content-2111\" aria-expanded=\"false\"><i class=\"fas fa-calendar-alt\"><\/i>  2024<\/div>\n\t\t\t\t\t<div id=\"elementor-tab-content-2111\" class=\"elementor-tab-content elementor-clearfix\" data-tab=\"1\" role=\"tabpanel\" aria-labelledby=\"elementor-tab-title-2111\" tabindex=\"0\" hidden=\"false\"><div id=\"accordion\">\n \n<!--\n<div class=\"card\">\n<div id=\"headingOne\" class=\"card-header\">\n<h5 class=\"mb-0\"><button class=\"btn btn-link\" data-toggle=\"collapse\" data-target=\"#collapseOne\" aria-expanded=\"true\" aria-=\"\">\n<i class=\"fas fa-chevron-circle-right\"><\/i> Cuarto Trimestre\n<\/button><\/h5>\n<\/div>\n<div id=\"collapseOne\" class=\"collapse show\" aria-labelledby=\"headingOne\" data-parent=\"#accordion\">\n<div class=\"card-body\">\n<p style=\"margin-top: 10px;\"><a class=\"btn btn-outline-dark\" href=\"https:\/\/chilpancingo.gob.mx\/transparencia\/wp-content\/uploads\/2024\/02\/LTAIPEG81FXXIB_LTAIPEG81FXXIB.xlsx\" target=\"_blank\" rel=\"noopener\" type=\"button\">\n<i class=\"fas fa-file-excel\"><\/i> 21B - Ejercicio de los egresos presupuestarios \/ LTAIPEG81FXXIB\n<\/a>\n\n<\/div>\n<\/div>\n<\/div>\n<div class=\"card\">\n<div id=\"headingTwo\" class=\"card-header\">\n<h5 class=\"mb-0\"><button class=\"btn btn-link collapsed\" data-toggle=\"collapse\" data-target=\"#collapseTwo\" aria-expanded=\"false\" aria-controls=\"collapseTwo\">\n<i class=\"fas fa-chevron-circle-right\"><\/i> Tercer Trimestre\n<\/button><\/h5>\n<\/div>\n<div id=\"collapseTwo\" class=\"collapse\" aria-labelledby=\"headingTwo\" data-parent=\"#accordion\">\n<div class=\"card-body\">\n<p style=\"margin-top: 10px;\"><a class=\"btn btn-outline-dark\" href=\"https:\/\/chilpancingo.gob.mx\/transparencia\/wp-content\/uploads\/2023\/11\/LTAIPEG81FXXIB_LTAIPEG81FXXIB.xlsx\" target=\"_blank\" rel=\"noopener\" type=\"button\">\n<i class=\"fas fa-file-excel\"><\/i> 21B - Ejercicio de los egresos presupuestarios \/ LTAIPEG81FXXIB\n<\/a>\n\n<\/div>\n<\/div>\n<\/div>\n-->\n<div class=\"card\">\n<div id=\"headingThree\" class=\"card-header\">\n<h5 class=\"mb-0\"><button class=\"btn btn-link collapsed\" data-toggle=\"collapse\" data-target=\"#collapseThree\" aria-expanded=\"false\" aria-controls=\"collapseThree\">\n<i class=\"fas fa-chevron-circle-right\"><\/i> Segundo Trimestre\n<\/button><\/h5>\n<\/div>\n<div id=\"collapseThree\" class=\"collapse show\" aria-labelledby=\"headingThree\" data-parent=\"#accordion\">\n<div class=\"card-body\">\n<p style=\"margin-top: 10px;\"><a class=\"btn btn-outline-dark\" href=\"https:\/\/chilpancingo.gob.mx\/transparencia\/wp-content\/uploads\/2024\/08\/LTAIPEG81FXXIB_LTAIPEG81FXXIB-20.xlsx\" target=\"_blank\" rel=\"noopener\" type=\"button\">\n<i class=\"fas fa-file-excel\"><\/i> 21B &#8211; Ejercicio de los egresos presupuestarios \/ LTAIPEG81FXXIB\n<\/a><\/p>\n\n<\/div>\n<\/div>\n<\/div>\n<div class=\"card\">\n<div id=\"headingFour\" class=\"card-header\">\n<h5 class=\"mb-0\"><button class=\"btn btn-link collapsed\" data-toggle=\"collapse\" data-target=\"#collapseFour\" aria-expanded=\"false\" aria-controls=\"collapseFour\">\n<i class=\"fas fa-chevron-circle-right\"><\/i> Primer Trimestre\n<\/button><\/h5>\n<\/div>\n<div id=\"collapseFour\" class=\"collapse\" aria-labelledby=\"headingTwo\" data-parent=\"#accordion\">\n<div class=\"card-body\">\n<p style=\"margin-top: 10px;\"><a class=\"btn btn-outline-dark\" href=\"https:\/\/chilpancingo.gob.mx\/transparencia\/wp-content\/uploads\/2024\/05\/LTAIPEG81FXXIB_LTAIPEG81FXXIB.xlsx\" target=\"_blank\" rel=\"noopener\" type=\"button\">\n<i class=\"fas fa-file-excel\"><\/i> 21B &#8211; Ejercicio de los egresos presupuestarios \/ LTAIPEG81FXXIB\n<\/a><\/p>\n\n<\/div>\n<\/div>\n<\/div>\n<div class=\"card\">\n<div id=\"headingZero\" class=\"card-header\">\n<h5 class=\"mb-0\"><button class=\"btn btn-link collapsed\" data-toggle=\"collapse\" data-target=\"#collapseZero\" aria-expanded=\"false\" aria-controls=\"collapseZero\">\n<i class=\"fas fa-chevron-circle-right\"><\/i> Anual\n<\/button><\/h5>\n<\/div>\n<div id=\"collapseZero\" class=\"collapse\" aria-labelledby=\"headingZero\" data-parent=\"#accordion\">\n<div class=\"card-body\">\n\n<a class=\"btn btn-outline-dark\" href=\"https:\/\/chilpancingo.gob.mx\/transparencia\/wp-content\/uploads\/2024\/05\/LTAIPEG81FXXIA_LTAIPEG81FXXIA.xlsx\" target=\"_blank\" rel=\"noopener\" type=\"button\">\n<i class=\"fas fa-file-excel\"><\/i> 21A &#8211; Presupuesto asignado anual \/ LTAIPEG81FXXIA\n<\/a>\n<p style=\"margin-top: 10px;\"><a class=\"btn btn-outline-dark\" href=\"https:\/\/chilpancingo.gob.mx\/transparencia\/wp-content\/uploads\/2024\/05\/LTAIPEG81FXXIC_LTAIPEG81FXXIC.xlsx\" target=\"_blank\" rel=\"noopener\" type=\"button\">\n<i class=\"fas fa-file-excel\"><\/i> 21C &#8211; Cuenta p\u00fablica \/ LTAIPEG81FXXIC\n<\/a><\/p>\n\n<\/div>\n<\/div>\n<\/div>\n<\/div><\/div>\n\t\t\t\t\t\t\t\t\t<div class=\"elementor-tab-title elementor-tab-mobile-title\" aria-selected=\"false\" data-tab=\"2\" role=\"tab\" tabindex=\"-1\" aria-controls=\"elementor-tab-content-2112\" aria-expanded=\"false\"><i class=\"fas fa-calendar-alt\"><\/i>  2023<\/div>\n\t\t\t\t\t<div id=\"elementor-tab-content-2112\" class=\"elementor-tab-content elementor-clearfix\" data-tab=\"2\" role=\"tabpanel\" aria-labelledby=\"elementor-tab-title-2112\" tabindex=\"0\" hidden=\"hidden\"><div id=\"accordion\">\n<div class=\"card\">\n<div id=\"headingOne\" class=\"card-header\">\n<h5 class=\"mb-0\"><button class=\"btn btn-link\" data-toggle=\"collapse\" data-target=\"#collapseOne\" aria-expanded=\"true\" aria-=\"\">\n<i class=\"fas fa-chevron-circle-right\"><\/i> Cuarto Trimestre\n<\/button><\/h5>\n<\/div>\n<div id=\"collapseOne\" class=\"collapse show\" aria-labelledby=\"headingOne\" data-parent=\"#accordion\">\n<div class=\"card-body\">\n\n<p style=\"margin-top: 10px;\"><a class=\"btn btn-outline-dark\" href=\"https:\/\/chilpancingo.gob.mx\/transparencia\/wp-content\/uploads\/2024\/02\/LTAIPEG81FXXIB_LTAIPEG81FXXIB.xlsx\" target=\"_blank\" rel=\"noopener\" type=\"button\">\n<i class=\"fas fa-file-excel\"><\/i> 21B &#8211; Ejercicio de los egresos presupuestarios \/ LTAIPEG81FXXIB\n<\/a><\/p>\n\n\n<\/div>\n<\/div>\n<\/div>\n<div class=\"card\">\n<div id=\"headingTwo\" class=\"card-header\">\n<h5 class=\"mb-0\"><button class=\"btn btn-link collapsed\" data-toggle=\"collapse\" data-target=\"#collapseTwo\" aria-expanded=\"false\" aria-controls=\"collapseTwo\">\n<i class=\"fas fa-chevron-circle-right\"><\/i> Tercer Trimestre\n<\/button><\/h5>\n<\/div>\n<div id=\"collapseTwo\" class=\"collapse\" aria-labelledby=\"headingTwo\" data-parent=\"#accordion\">\n<div class=\"card-body\">\n<p style=\"margin-top: 10px;\"><a class=\"btn btn-outline-dark\" href=\"https:\/\/chilpancingo.gob.mx\/transparencia\/wp-content\/uploads\/2023\/11\/LTAIPEG81FXXIB_LTAIPEG81FXXIB.xlsx\" target=\"_blank\" rel=\"noopener\" type=\"button\">\n<i class=\"fas fa-file-excel\"><\/i> 21B &#8211; Ejercicio de los egresos presupuestarios \/ LTAIPEG81FXXIB\n<\/a><\/p>\n\n<\/div>\n<\/div>\n<\/div>\n<div class=\"card\">\n<div id=\"headingThree\" class=\"card-header\">\n<h5 class=\"mb-0\"><button class=\"btn btn-link collapsed\" data-toggle=\"collapse\" data-target=\"#collapseThree\" aria-expanded=\"false\" aria-controls=\"collapseThree\">\n<i class=\"fas fa-chevron-circle-right\"><\/i> Segundo Trimestre\n<\/button><\/h5>\n<\/div>\n<div id=\"collapseThree\" class=\"collapse\" aria-labelledby=\"headingThree\" data-parent=\"#accordion\">\n<div class=\"card-body\">\n<p style=\"margin-top: 10px;\"><a class=\"btn btn-outline-dark\" href=\"https:\/\/chilpancingo.gob.mx\/transparencia\/wp-content\/uploads\/2023\/10\/LTAIPEG81FXXIB_LTAIPEG81FXXIB.xlsx\" target=\"_blank\" rel=\"noopener\" type=\"button\">\n<i class=\"fas fa-file-excel\"><\/i> 21B &#8211; Ejercicio de los egresos presupuestarios \/ LTAIPEG81FXXIB\n<\/a><\/p>\n\n<\/div>\n<\/div>\n<\/div>\n<div class=\"card\">\n<div id=\"headingFour\" class=\"card-header\">\n<h5 class=\"mb-0\"><button class=\"btn btn-link collapsed\" data-toggle=\"collapse\" data-target=\"#collapseFour\" aria-expanded=\"false\" aria-controls=\"collapseFour\">\n<i class=\"fas fa-chevron-circle-right\"><\/i> Primer Trimestre\n<\/button><\/h5>\n<\/div>\n<div id=\"collapseFour\" class=\"collapse\" aria-labelledby=\"headingTwo\" data-parent=\"#accordion\">\n<div class=\"card-body\">\n<p style=\"margin-top: 10px;\"><a class=\"btn btn-outline-dark\" href=\"https:\/\/chilpancingo.gob.mx\/transparencia\/wp-content\/uploads\/2023\/08\/LTAIPEG81FXXIB_LTAIPEG81FXXIB-1.xlsx\" target=\"_blank\" rel=\"noopener\" type=\"button\">\n<i class=\"fas fa-file-excel\"><\/i> 21B &#8211; Ejercicio de los egresos presupuestarios \/ LTAIPEG81FXXIB\n<\/a><\/p>\n\n<\/div>\n<\/div>\n<\/div>\n<div class=\"card\">\n<div id=\"headingZero\" class=\"card-header\">\n<h5 class=\"mb-0\"><button class=\"btn btn-link collapsed\" data-toggle=\"collapse\" data-target=\"#collapseZero\" aria-expanded=\"false\" aria-controls=\"collapseZero\">\n<i class=\"fas fa-chevron-circle-right\"><\/i> Anual\n<\/button><\/h5>\n<\/div>\n<div id=\"collapseZero\" class=\"collapse\" aria-labelledby=\"headingZero\" data-parent=\"#accordion\">\n<div class=\"card-body\">\n\n<a class=\"btn btn-outline-dark\" href=\"https:\/\/chilpancingo.gob.mx\/transparencia\/wp-content\/uploads\/2023\/08\/LTAIPEG81FXXIA_LTAIPEG81FXXIA.xlsx\" target=\"_blank\" rel=\"noopener\" type=\"button\">\n<i class=\"fas fa-file-excel\"><\/i> 21A &#8211; Presupuesto asignado anual \/ LTAIPEG81FXXIA\n<\/a>\n<p style=\"margin-top: 10px;\"><a class=\"btn btn-outline-dark\" href=\"https:\/\/chilpancingo.gob.mx\/transparencia\/wp-content\/uploads\/2023\/05\/LTAIPEG81FXXIC_LTAIPEG81FXXIC.xlsx\" target=\"_blank\" rel=\"noopener\" type=\"button\">\n<i class=\"fas fa-file-excel\"><\/i> 21C &#8211; Cuenta p\u00fablica \/ LTAIPEG81FXXIC\n<\/a><\/p>\n\n<\/div>\n<\/div>\n<\/div>\n<\/div><\/div>\n\t\t\t\t\t\t\t\t\t<div class=\"elementor-tab-title elementor-tab-mobile-title\" aria-selected=\"false\" data-tab=\"3\" role=\"tab\" tabindex=\"-1\" aria-controls=\"elementor-tab-content-2113\" aria-expanded=\"false\"><i class=\"fas fa-calendar-alt\"><\/i>  2022<\/div>\n\t\t\t\t\t<div id=\"elementor-tab-content-2113\" class=\"elementor-tab-content elementor-clearfix\" data-tab=\"3\" role=\"tabpanel\" aria-labelledby=\"elementor-tab-title-2113\" tabindex=\"0\" hidden=\"hidden\"><div id=\"accordion\">\n<div class=\"card\"> \n<div id=\"headingOne\" class=\"card-header\">\n<h5 class=\"mb-0\"><button class=\"btn btn-link\" data-toggle=\"collapse\" data-target=\"#collapseOne\" aria-expanded=\"true\" aria-=\"\">\n<i class=\"fas fa-chevron-circle-right\"><\/i> Cuarto Trimestre\n<\/button><\/h5>\n<\/div>\n<div id=\"collapseOne\" class=\"collapse show\" aria-labelledby=\"headingOne\" data-parent=\"#accordion\">\n<div class=\"card-body\">\n<p style=\"margin-top: 10px;\"><a class=\"btn btn-outline-dark\" href=\"https:\/\/chilpancingo.gob.mx\/transparencia\/wp-content\/uploads\/2023\/03\/LTAIPEG81FXXIB_LTAIPEG81FXXIB.xlsx\" target=\"_blank\" rel=\"noopener\" type=\"button\">\n<i class=\"fas fa-file-excel\"><\/i> 21B &#8211; Ejercicio de los egresos presupuestarios \/ LTAIPEG81FXXIB\n<\/a><\/p>\n\n<\/div>\n<\/div>\n<\/div>\n<div class=\"card\">\n<div id=\"headingTwo\" class=\"card-header\">\n<h5 class=\"mb-0\"><button class=\"btn btn-link collapsed\" data-toggle=\"collapse\" data-target=\"#collapseTwo\" aria-expanded=\"false\" aria-controls=\"collapseTwo\">\n<i class=\"fas fa-chevron-circle-right\"><\/i> Tercer Trimestre\n<\/button><\/h5>\n<\/div>\n<div id=\"collapseTwo\" class=\"collapse\" aria-labelledby=\"headingTwo\" data-parent=\"#accordion\">\n<div class=\"card-body\">\n\n<!--\n<a class=\"btn btn-outline-dark\" href=\"#\" target=\"_blank\" rel=\"noopener\" type=\"button\">\n<i class=\"fas fa-file-excel\"><\/i> 21A - Presupuesto asignado anual \/ LTAIPEG81FXXIA\n<\/a>\n-->\n<p style=\"margin-top: 10px;\"><a class=\"btn btn-outline-dark\" href=\"https:\/\/chilpancingo.gob.mx\/transparencia\/wp-content\/uploads\/2022\/11\/LTAIPEG81FXXIB_LTAIPEG81FXXIB.xlsx\" target=\"_blank\" rel=\"noopener\" type=\"button\">\n<i class=\"fas fa-file-excel\"><\/i> 21B &#8211; Ejercicio de los egresos presupuestarios \/ LTAIPEG81FXXIB\n<\/a><\/p>\n<!--\n<p style=\"margin-top: 10px;\"><a class=\"btn btn-outline-dark\" href=\"#\" target=\"_blank\" rel=\"noopener\" type=\"button\">\n<i class=\"fas fa-file-excel\"><\/i> 21C - Cuenta p\u00fablica \/ LTAIPEG81FXXIC\n<\/a>\n-->\n\n<\/div>\n<\/div>\n<\/div>\n<div class=\"card\">\n<div id=\"headingThree\" class=\"card-header\">\n<h5 class=\"mb-0\"><button class=\"btn btn-link collapsed\" data-toggle=\"collapse\" data-target=\"#collapseThree\" aria-expanded=\"false\" aria-controls=\"collapseThree\">\n<i class=\"fas fa-chevron-circle-right\"><\/i> Segundo Trimestre\n<\/button><\/h5>\n<\/div>\n<div id=\"collapseThree\" class=\"collapse\" aria-labelledby=\"headingThree\" data-parent=\"#accordion\">\n<div class=\"card-body\">\n<p style=\"margin-top: 10px;\"><a class=\"btn btn-outline-dark\" href=\"https:\/\/chilpancingo.gob.mx\/transparencia\/wp-content\/uploads\/2022\/08\/LTAIPEG81FXXIB_LTAIPEG81FXXIB.xlsx\" target=\"_blank\" rel=\"noopener\" type=\"button\">\n<i class=\"fas fa-file-excel\"><\/i> 21B &#8211; Ejercicio de los egresos presupuestarios \/ LTAIPEG81FXXIB\n<\/a><\/p>\n\n<\/div>\n<\/div>\n<\/div>\n<div class=\"card\">\n<div id=\"headingFour\" class=\"card-header\">\n<h5 class=\"mb-0\"><button class=\"btn btn-link collapsed\" data-toggle=\"collapse\" data-target=\"#collapseFour\" aria-expanded=\"false\" aria-controls=\"collapseFour\">\n<i class=\"fas fa-chevron-circle-right\"><\/i> Primer Trimestre\n<\/button><\/h5>\n<\/div>\n<div id=\"collapseFour\" class=\"collapse\" aria-labelledby=\"headingTwo\" data-parent=\"#accordion\">\n<div class=\"card-body\">\n<p style=\"margin-top: 10px;\"><a class=\"btn btn-outline-dark\" href=\"https:\/\/chilpancingo.gob.mx\/transparencia\/wp-content\/uploads\/2022\/05\/LTAIPEG81FXXIB_LTAIPEG81FXXIB-2.xlsx\" target=\"_blank\" rel=\"noopener\" type=\"button\">\n<i class=\"fas fa-file-excel\"><\/i> 21B &#8211; Ejercicio de los egresos presupuestarios \/ LTAIPEG81FXXIB\n<\/a><\/p>\n\n<\/div>\n<\/div>\n<\/div>\n<div class=\"card\">\n<div id=\"headingZero\" class=\"card-header\">\n<h5 class=\"mb-0\"><button class=\"btn btn-link collapsed\" data-toggle=\"collapse\" data-target=\"#collapseZero\" aria-expanded=\"false\" aria-controls=\"collapseZero\">\n<i class=\"fas fa-chevron-circle-right\"><\/i> Anual\n<\/button><\/h5>\n<\/div>\n<div id=\"collapseZero\" class=\"collapse\" aria-labelledby=\"headingZero\" data-parent=\"#accordion\">\n<div class=\"card-body\">\n\n<a class=\"btn btn-outline-dark\" href=\"https:\/\/chilpancingo.gob.mx\/transparencia\/wp-content\/uploads\/2022\/08\/LTAIPEG81FXXIA_LTAIPEG81FXXIA-1.xlsx\" target=\"_blank\" rel=\"noopener\" type=\"button\">\n<i class=\"fas fa-file-excel\"><\/i> 21A &#8211; Presupuesto asignado anual \/ LTAIPEG81FXXIA\n<\/a>\n<p style=\"margin-top: 10px;\"><a class=\"btn btn-outline-dark\" href=\"#\" target=\"_blank\" rel=\"noopener\" type=\"button\">\n<i class=\"fas fa-file-excel\"><\/i> 21C &#8211; Cuenta p\u00fablica \/ LTAIPEG81FXXIC\n<\/a><\/p>\n\n<\/div>\n<\/div>\n<\/div>\n<\/div><\/div>\n\t\t\t\t\t\t\t\t\t<div class=\"elementor-tab-title elementor-tab-mobile-title\" aria-selected=\"false\" data-tab=\"4\" role=\"tab\" tabindex=\"-1\" aria-controls=\"elementor-tab-content-2114\" aria-expanded=\"false\"><i class=\"fas fa-calendar-alt\"><\/i>  2021<\/div>\n\t\t\t\t\t<div id=\"elementor-tab-content-2114\" class=\"elementor-tab-content elementor-clearfix\" data-tab=\"4\" role=\"tabpanel\" aria-labelledby=\"elementor-tab-title-2114\" tabindex=\"0\" hidden=\"hidden\"><div id=\"accordion\">\n<div class=\"card\">\n<div id=\"headingOne\" class=\"card-header\">\n<h5 class=\"mb-0\"><button class=\"btn btn-link\" data-toggle=\"collapse\" data-target=\"#collapseOne\" aria-expanded=\"true\" aria-=\"\">\n<i class=\"fas fa-chevron-circle-right\"><\/i> Cuarto Trimestre\n<\/button><\/h5>\n<\/div>\n<div id=\"collapseOne\" class=\"collapse show\" aria-labelledby=\"headingOne\" data-parent=\"#accordion\">\n<div class=\"card-body\">\n<p style=\"margin-top: 10px;\"><a class=\"btn btn-outline-dark\" href=\"https:\/\/chilpancingo.gob.mx\/transparencia\/wp-content\/uploads\/2022\/08\/LTAIPEG81FXXIB_LTAIPEG81FXXIB-4.xlsx\" target=\"_blank\" rel=\"noopener\" type=\"button\">\n<i class=\"fas fa-file-excel\"><\/i> 21B &#8211; Ejercicio de los egresos presupuestarios \/ LTAIPEG81FXXIB\n<\/a><\/p>\n<!--\n<p style=\"margin-top: 10px;\"><a class=\"btn btn-outline-dark\" href=\"https:\/\/chilpancingo.gob.mx\/transparencia\/wp-content\/uploads\/2022\/01\/LTAIPEG81FXXIC_LTAIPEG81FXXIC..xlsx\" target=\"_blank\" rel=\"noopener\" type=\"button\">\n<i class=\"fas fa-file-excel\"><\/i> 21C - Cuenta p\u00fablica \/ LTAIPEG81FXXIC\n<\/a>\n\n-->\n\n<\/div>\n<\/div>\n<\/div>\n<div class=\"card\">\n<div id=\"headingTwo\" class=\"card-header\">\n<h5 class=\"mb-0\"><button class=\"btn btn-link collapsed\" data-toggle=\"collapse\" data-target=\"#collapseTwo\" aria-expanded=\"false\" aria-controls=\"collapseTwo\">\n<i class=\"fas fa-chevron-circle-right\"><\/i> Tercer Trimestre\n<\/button><\/h5>\n<\/div>\n<div id=\"collapseTwo\" class=\"collapse\" aria-labelledby=\"headingTwo\" data-parent=\"#accordion\">\n<div class=\"card-body\">\n<p style=\"margin-top: 10px;\"><a class=\"btn btn-outline-dark\" href=\"https:\/\/chilpancingo.gob.mx\/transparencia\/wp-content\/uploads\/2022\/08\/LTAIPEG81FXXIB_LTAIPEG81FXXIB-3.xlsx\" target=\"_blank\" rel=\"noopener\" type=\"button\">\n<i class=\"fas fa-file-excel\"><\/i> 21B &#8211; Ejercicio de los egresos presupuestarios \/ LTAIPEG81FXXIB\n<\/a><\/p>\n<!--\n\n<p style=\"margin-top: 10px;\"><a class=\"btn btn-outline-dark\" href=\"https:\/\/chilpancingo.gob.mx\/transparencia\/wp-content\/uploads\/2021\/11\/LTAIPEG81FXXIC_LTAIPEG81FXXIC..xlsx\" target=\"_blank\" rel=\"noopener\" type=\"button\">\n<i class=\"fas fa-file-excel\"><\/i> 21C - Cuenta p\u00fablica \/ LTAIPEG81FXXIC\n<\/a>\n\n-->\n\n<\/div>\n<\/div>\n<\/div>\n<div class=\"card\">\n<div id=\"headingThree\" class=\"card-header\">\n<h5 class=\"mb-0\"><button class=\"btn btn-link collapsed\" data-toggle=\"collapse\" data-target=\"#collapseThree\" aria-expanded=\"false\" aria-controls=\"collapseThree\">\n<i class=\"fas fa-chevron-circle-right\"><\/i> Segundo Trimestre\n<\/button><\/h5>\n<\/div>\n<div id=\"collapseThree\" class=\"collapse\" aria-labelledby=\"headingThree\" data-parent=\"#accordion\">\n<div class=\"card-body\">\n<p style=\"margin-top: 10px;\"><a class=\"btn btn-outline-dark\" href=\"https:\/\/chilpancingo.gob.mx\/transparencia\/wp-content\/uploads\/2022\/08\/LTAIPEG81FXXIB_LTAIPEG81FXXIB-2.xlsx\" target=\"_blank\" rel=\"noopener\" type=\"button\">\n<i class=\"fas fa-file-excel\"><\/i> 21B &#8211; Ejercicio de los egresos presupuestarios \/ LTAIPEG81FXXIB\n<\/a><\/p>\n\n<\/div>\n<\/div>\n<\/div>\n<div class=\"card\">\n<div id=\"headingFour\" class=\"card-header\">\n<h5 class=\"mb-0\"><button class=\"btn btn-link collapsed\" data-toggle=\"collapse\" data-target=\"#collapseFour\" aria-expanded=\"false\" aria-controls=\"collapseFour\">\n<i class=\"fas fa-chevron-circle-right\"><\/i> Primer Trimestre\n<\/button><\/h5>\n<\/div>\n<div id=\"collapseFour\" class=\"collapse\" aria-labelledby=\"headingTwo\" data-parent=\"#accordion\">\n<div class=\"card-body\">\n<p style=\"margin-top: 10px;\"><a class=\"btn btn-outline-dark\" href=\"https:\/\/chilpancingo.gob.mx\/transparencia\/wp-content\/uploads\/2022\/08\/LTAIPEG81FXXIB_LTAIPEG81FXXIB-1.xlsx\" target=\"_blank\" rel=\"noopener\" type=\"button\">\n<i class=\"fas fa-file-excel\"><\/i> 21B &#8211; Ejercicio de los egresos presupuestarios \/ LTAIPEG81FXXIB\n<\/a><\/p>\n\n<\/div>\n<\/div>\n<\/div>\n<div class=\"card\">\n<div id=\"headingFour\" class=\"card-header\">\n<h5 class=\"mb-0\"><button class=\"btn btn-link collapsed\" data-toggle=\"collapse\" data-target=\"#collapseFive\" aria-expanded=\"false\" aria-controls=\"collapseFour\">\n<i class=\"fas fa-chevron-circle-right\"><\/i> Anual\n<\/button><\/h5>\n<\/div>\n<div id=\"collapseFive\" class=\"collapse\" aria-labelledby=\"headingFive\" data-parent=\"#accordion\">\n<div class=\"card-body\">\n\n<a class=\"btn btn-outline-dark\" href=\"https:\/\/chilpancingo.gob.mx\/transparencia\/wp-content\/uploads\/2022\/01\/LTAIPEG81FXXIA_LTAIPEG81FXXIA..xlsx\" target=\"_blank\" rel=\"noopener\" type=\"button\">\n<i class=\"fas fa-file-excel\"><\/i> 21A &#8211; Presupuesto asignado anual \/ LTAIPEG81FXXIA\n<\/a>\n<p style=\"margin-top: 10px;\"><a class=\"btn btn-outline-dark\" href=\"https:\/\/chilpancingo.gob.mx\/transparencia\/wp-content\/uploads\/2022\/08\/LTAIPEG81FXXIC_LTAIPEG81FXXIC.xlsx\" target=\"_blank\" rel=\"noopener\" type=\"button\">\n<i class=\"fas fa-file-excel\"><\/i> 21C &#8211; Cuenta p\u00fablica \/ LTAIPEG81FXXIC\n<\/a><\/p>\n\n<\/div>\n<\/div>\n<\/div>\n<\/div><\/div>\n\t\t\t\t\t\t\t<\/div>\n\t\t<\/div>\n\t\t\t\t\t\t<\/div>\n\t\t\t\t<\/div>\n\t\t\t\t\t<\/div>\n\t\t<\/div>\n\t\t\t\t\t<\/div>\n\t\t<\/section>\n\t\t\t\t<\/div>\n\t\t","protected":false},"excerpt":{"rendered":"<p>XXI. La informaci\u00f3n financiera sobre el presupuesto asignado, as\u00ed como los informes del ejercicio trimestral del gasto, en t\u00e9rminos de la normatividad aplicable. 2024 2023 2022 2021 2024 Segundo Trimestre [&hellip;]<\/p>\n","protected":false},"author":1,"featured_media":0,"parent":0,"menu_order":0,"comment_status":"closed","ping_status":"closed","template":"","meta":{"footnotes":"","_links_to":"","_links_to_target":""},"class_list":["post-4523","page","type-page","status-publish","hentry"],"jetpack_sharing_enabled":true,"_links":{"self":[{"href":"https:\/\/chilpancingo.gob.mx\/transparencia\/wp-json\/wp\/v2\/pages\/4523","targetHints":{"allow":["GET"]}}],"collection":[{"href":"https:\/\/chilpancingo.gob.mx\/transparencia\/wp-json\/wp\/v2\/pages"}],"about":[{"href":"https:\/\/chilpancingo.gob.mx\/transparencia\/wp-json\/wp\/v2\/types\/page"}],"author":[{"embeddable":true,"href":"https:\/\/chilpancingo.gob.mx\/transparencia\/wp-json\/wp\/v2\/users\/1"}],"replies":[{"embeddable":true,"href":"https:\/\/chilpancingo.gob.mx\/transparencia\/wp-json\/wp\/v2\/comments?post=4523"}],"version-history":[{"count":10,"href":"https:\/\/chilpancingo.gob.mx\/transparencia\/wp-json\/wp\/v2\/pages\/4523\/revisions"}],"predecessor-version":[{"id":18838,"href":"https:\/\/chilpancingo.gob.mx\/transparencia\/wp-json\/wp\/v2\/pages\/4523\/revisions\/18838"}],"wp:attachment":[{"href":"https:\/\/chilpancingo.gob.mx\/transparencia\/wp-json\/wp\/v2\/media?parent=4523"}],"curies":[{"name":"wp","href":"https:\/\/api.w.org\/{rel}","templated":true}]}}